when 9844418 is divided by 215?
213
What is the remainder when 5627398 is divided by 18695?
203
Calculate the remainder when 732359 is divided by 18775.
134
Calculate the remainder when 30879055 is divided by 16.
15
Calculate the remainder when 9350038 is divided by 617.
20
What is the remainder when 7571665 is divided by 41?
31
Calculate the remainder when 8096052 is divided by 207591.
3
What is the remainder when 102199614 is divided by 564?
558
Calculate the remainder when 9897 is divided by 708.
693
What is the remainder when 2909283 is divided by 152?
3
What is the remainder when 2685192 is divided by 223695?
852
What is the remainder when 22620001 is divided by 1740000?
1
What is the remainder when 219853 is divided by 3?
1
Calculate the remainder when 4191593 is divided by 1072.
73
Calculate the remainder when 821397 is divided by 410681.
35
Calculate the remainder when 79002 is divided by 1033.
494
Calculate the remainder when 131847 is divided by 96.
39
Calculate the remainder when 6813704 is divided by 6100.
4
What is the remainder when 17117 is divided by 5177?
1586
What is the remainder when 18499 is divided by 17683?
816
Calculate the remainder when 428737 is divided by 710.
607
What is the remainder when 86903 is divided by 805?
768
What is the remainder when 10605 is divided by 1540?
1365
Calculate the remainder when 4806585 is divided by 1551.
36
What is the remainder when 357497 is divided by 178745?
7
What is the remainder when 1252074 is divided by 1251903?
171
What is the remainder when 7519899 is divided by 29?
25
What is the remainder when 143502 is divided by 1100?
502
Calculate the remainder when 78727 is divided by 15703.
212
What is the remainder when 6068386 is divided by 19?
14
What is the remainder when 14118631 is divided by 86?
11
Calculate the remainder when 3445048 is divided by 510.
508
Calculate the remainder when 331095 is divided by 549.
48
Calculate the remainder when 188204434 is divided by 1485.
1474
Calculate the remainder when 11871444 is divided by 327.
36
What is the remainder when 301504 is divided by 1587?
1561
Calculate the remainder when 85445 is divided by 8520.
245
Calculate the remainder when 46407 is divided by 46072.
335
What is the remainder when 1766543 is divided by 182?
51
Calculate the remainder when 5831 is divided by 15.
11
Calculate the remainder when 1885930 is divided by 628603.
121
What is the remainder when 53358 is divided by 196?
46
What is the remainder when 743658 is divided by 123926?
102
Calculate the remainder when 143075 is divided by 440.
75
What is the remainder when 220718 is divided by 2156?
806
What is the remainder when 1194693 is divided by 380?
353
What is the remainder when 165804 is divided by 2956?
268
Calculate the remainder when 67288 is divided by 24.
16
What is the remainder when 77132 is divided by 3209?
116
What is the remainder when 7114232 is divided by 7114223?
9
Calculate the remainder when 28465173 is divided by 7116292.
5
What is the remainder when 463602 is divided by 2743?
35
Calculate the remainder when 44372 is divided by 10528.
2260
What is the remainder when 92738 is divided by 1682?
228
What is the remainder when 281768275 is divided by 41?
39
Calculate the remainder when 6651790 is divided by 2217253.
31
Calculate the remainder when 12619827 is divided by 977.
895
Calculate the remainder when 287512 is divided by 47809.
658
What is the remainder when 2882154 is divided by 960715?
9
What is the remainder when 1758170 is divided by 3468?
3362
Calculate the remainder when 6184612 is divided by 59.
55
What is the remainder when 313634171 is divided by 4?
3
Calculate the remainder when 6366994 is divided by 135.
124
Calculate the remainder when 371029 is divided by 21825.
4
Calculate the remainder when 274977670 is divided by 3.
1
What is the remainder when 117503 is divided by 316?
267
What is the remainder when 40799 is divided by 13554?
137
Calculate the remainder when 1173287 is divided by 950.
37
Calculate the remainder when 1333048 is divided by 2207.
20
Calculate the remainder when 473537437 is divided by 67.
63
What is the remainder when 281731203 is divided by 8035?
8033
What is the remainder when 276163 is divided by 11506?
19
Calculate the remainder when 356203 is divided by 1928.
1451
What is the remainder when 2520900 is divided by 1260433?
34
What is the remainder when 295463 is divided by 523?
491
What is the remainder when 86760 is divided by 1087?
887
What is the remainder when 109068 is divided by 268?
260
Calculate the remainder when 4313441 is divided by 68.
65
Calculate the remainder when 958179 is divided by 462.
453
Calculate the remainder when 756385 is divided by 7775.
2210
Calculate the remainder when 88126 is divided by 29255.
361
Calculate the remainder when 53860273 is divided by 13465060.
33
What is the remainder when 302418 is divided by 25130?
858
Calculate the remainder when 7828966 is divided by 89.
81
What is the remainder when 216744339 is divided by 283?
16
Calculate the remainder when 14665847 is divided by 274.
271
What is the remainder when 233863 is divided by 4790?
3943
Calculate the remainder when 187421 is divided by 5502.
353
What is the remainder when 20455811 is divided by 9392?
35
Calculate the remainder when 897249 is divided by 149535.
39
Calculate the remainder when 291679585 is divided by 34.
11
Calculate the remainder when 5839419 is divided by 1211.
1188
What is the remainder when 11868068 is divided by 10?
8
What is the remainder when 44924153 is divided by 120118?
21
What is the remainder when 39735 is divided by 576?
567
Calculate the remainder when 2483121 is divided by 780.
381
Calculate the remainder when 28941299 is divided by 2119.
2116
Calculate the remainder when 256226 is divided by 84719.
2069
What is the remainder when 59252 is divided by 310?
42
Calculate the remainder when 203910 is divided by 16937.
666
Calculate the remainder when 33597477 is divided by 705.
702
What is the remainder when 423663 is divided by 6546?
4719
Calculate the remainder when 22809 is divided by 324.
129
What is the remainder when 111032806 is divided by 14?
10
What is the remainder when 476339 is divided by 1351?
787
What is the remainder when 38795 is divided by 130?
55
Calculate the remainder when 156962 is divided by 52300.
62
Calculate the remainder when 1195571 is divided by 479.
466
Calculate the remainder when 8900579 is divided by 222514.
19
Calculate the remainder when 18672977 is divided by 666892.
1
Calculate the remainder when 393958 is divided by 333.
19
What is the remainder when 135148 is divided by 45046?
10
Calculate the remainder when 1024248 is divided by 30.
18
What is the remainder when 517949 is divided by 1612?
497
Calculate the remainder when 7154175 is divided by 3077.
150
What is the remainder when 833586 is divided by 69?
66
Calculate the remainder when 591255 is divided by 590935.
320
Calculate the remainder when 1081275 is divided by 511.
510
Calculate the remainder when 246101 is divided by 24584.
261
Calculate the remainder when 6819368 is divided by 941.
882
Calculate the remainder when 11435073 is divided by 841.
837
Calculate the remainder when 245973 is divided by 15365.
133
Calculate the remainder when 32390 is divided by 283.
128
Calculate the remainder when 341203 is divided by 1405.
1193
What is the remainder when 2227 is divided by 1198?
1029
Calculate the remainder when 1971016 is divided by 7884.
16
Calculate the remainder when 11490507 is divided by 219.
15
Calculate the remainder when 212087396 is divided by 25.
21
What is the remainder when 175856 is divided by 95?
11
What is the remainder when 7802048 is divided by 3410?
3378
What is the remainder when 56213831 is divided by 839?
831
Calculate the remainder when 136604123 is divided by 158842.
3
Calculate the remainder when 29243 is divided by 14549.
145
What is the remainder when 1946145 is divided by 54027?
1173
What is the remainder when 517780 is divided by 86295?
10
What is the remainder when 318742 is divided by 159090?
562
What is the remainder when 1155029 is divided by 326?
11
Calculate the remainder when 13907092 is divided by 408.
4
What is the remainder when 11136790 is divided by 6824?
22
C